 in base 15?
b61
What is -828d (base 14) in base 5?
-1204334
-11011000100001 (base 2) to base 14
-509b
-113511 (base 6) to base 11
-7497
-1302300 (base 4) to base 13
-345c
-101110100 (base 2) to base 11
-309
What is 1012200010 (base 3) in base 10?
23817
What is -652 (base 7) in base 2?
-101001011
Convert -31020 (base 4) to base 10.
-840
Convert -1103033 (base 4) to base 2.
-1010011001111
What is -1801 (base 12) in base 11?
-218a
What is 25 (base 16) in base 9?
41
410 (base 9) to base 13
1c8
Convert 15566 (base 8) to base 6.
52314
Convert 11282 (base 11) to base 12.
9528
What is 1502 (base 9) in base 5?
14021
What is -1010000110001010 (base 2) in base 4?
-22012022
21011001 (base 3) to base 10
5212
Convert 201 (base 11) to base 16.
f3
330 (base 12) to base 8
724
What is 15b75 (base 13) in base 7?
231665
-21343 (base 9) to base 15
-42c3
Convert -6971 (base 13) to base 8.
-34713
What is -1311 (base 7) in base 8?
-762
Convert 12b5 (base 13) to base 2.
101001111011
Convert -1100 (base 2) to base 5.
-22
What is -a1a8 (base 11) in base 5?
-413144
Convert -1465 (base 10) to base 12.
-a21
What is -52253 (base 7) in base 9?
-18532
What is -22314 (base 5) in base 13?
-94b
What is -32011 (base 4) in base 10?
-901
Convert -8a23 (base 12) to base 16.
-3bbb
What is -214033 (base 5) in base 10?
-7393
What is -131405 (base 7) in base 3?
-1020200102
Convert -200101 (base 3) to base 4.
-13300
Convert 1623 (base 11) to base 3.
2212010
44 (base 14) to base 15
40
-2332 (base 4) to base 11
-163
What is 12103 (base 4) in base 7?
1114
Convert -43130 (base 5) to base 7.
-11333
What is -22 (base 10) in base 15?
-17
Convert 3302011 (base 4) to base 5.
443433
-30012 (base 6) to base 11
-2a22
Convert 13133332 (base 4) to base 2.
111011111111110
Convert 25035 (base 9) to base 6.
205435
What is 444 (base 8) in base 6?
1204
Convert -23870 (base 10) to base 2.
-101110100111110
10d0 (base 15) to base 4
313302
Convert 604 (base 11) to base 2.
1011011010
Convert -50d (base 16) to base 14.
-685
What is -2113 (base 4) in base 8?
-227
-12000 (base 9) to base 12
-4783
What is -313020 (base 4) in base 2?
-110111001000
What is -2314b (base 12) in base 14?
-13111
What is -22114 (base 6) in base 14?
-1194
What is -900 (base 12) in base 6?
-10000
What is 1171 (base 10) in base 9?
1541
-1203 (base 7) to base 12
-310
-111113 (base 4) to base 2
-10101010111
What is -27681 (base 11) in base 2?
-1001100111110110
-19646 (base 11) to base 14
-9dac
11349 (base 10) to base 6
124313
-2200 (base 6) to base 8
-770
Convert 10323100 (base 4) to base 8.
47320
-306 (base 8) to base 11
-170
Convert 1b942 (base 12) to base 4.
22002002
What is 5da (base 15) in base 3?
1211021
What is -4240 (base 10) in base 6?
-31344
Convert -7445 (base 8) to base 5.
-111002
Convert -223 (base 7) to base 4.
-1303
122b (base 12) to base 10
2051
Convert 1700 (base 8) to base 4.
33000
-3d8 (base 14) to base 7
-2161
100011010 (base 2) to base 11
237
110010001 (base 2) to base 10
401
Convert 20c (base 13) to base 9.
428
Convert -24d (base 16) to base 5.
-4324
Convert -13a0 (base 11) to base 8.
-3414
Convert -1461 (base 7) to base 2.
-1001000110
Convert -3156 (base 8) to base 14.
-858
What is 601 (base 11) in base 5?
10402
Convert 30155 (base 6) to base 13.
1a57
Convert 11203001 (base 4) to base 13.
a45a
What is 6ab (base 13) in base 9?
1523
Convert -18c (base 16) to base 11.
-330
568 (base 15) to base 4
103013
What is -100363 (base 7) in base 11?
-11854
Convert -4436 (base 8) to base 15.
-a59
Convert 201222 (base 3) to base 7.
1400
What is -a931 (base 12) in base 5?
-1043423
Convert 5172 (base 10) to base 2.
1010000110100
Convert 52 (base 12) to base 16.
3e
Convert -1012011 (base 3) to base 12.
-604
Convert -2bd (base 15) to base 6.
-2524
286 (base 13) to base 14
240
Convert -210102 (base 4) to base 10.
-2322
What is -17212 (base 11) in base 14?
-8b77
What is -839 (base 13) in base 14?
-720
100000 (base 2) to base 3
1012
What is -110011010 (base 2) in base 15?
-1c5
What is -34211 (base 5) in base 16?
-97f
6712 (base 9) to base 14
1b3a
-2201002 (base 3) to base 11
-1534
200 (base 5) to base 14
38
What is -142326 (base 7) in base 4?
-12222000
11230213 (base 4) to base 8
55447
Convert 1221432 (base 5) to base 14.
8731
Convert -8b30 (base 15) to base 9.
-44440
Convert 21232231 (base 4) to base 11.
27a40
What is 206 (base 9) in base 16?
a8
Convert -12022 (base 5) to base 11.
-737
What is 2117a (base 12) in base 6?
533034
5309 (base 11) to base 14
27bd
-11110011011000 (base 2) to base 11
-10780
1011001101 (base 2) to base 10
717
Convert -3bc (base 15) to base 3.
-1011120
Convert -320 (base 13) to base 10.
-533
What is 140123 (base 6) in base 15?
3cc6
What is -692 (base 16) in base 7?
-4622
-42571 (base 9) to base 2
-110111000001011
Convert 11440 (base 5) to base 12.
606
Convert -10002001 (base 3) to base 6.
-14214
-10a (base 11) to base 7
-245
-21011 (base 3) to base 10
-193
Convert 2202220 (base 3) to base 6.
13210
7898 (base 12) to base 8
32064
-10011110000101 (base 2) to base 6
-114501
What is 10100022011 (base 3) in base 9?
110264
Convert 45d (base 15) to base 3.
1100121
What is -4533 (base 6) in base 2?
-10000101001
123300 (base 5) to base 7
20032
What is 7230 (base 10) in base 6?
53250
What is 10111 (base 3) in base 12?
7a
11067 (base 12) to base 13
a351
Convert 1352 (base 8) to base 14.
3b4
115530 (base 6) to base 10
10350
-101000101010110 (base 2) to base 6
-240222
-535 (base 6) to base 7
-410
Convert 24016 (base 8) to base 14.
3a46
4600 (base 10) to base 4
1013320
Convert -41143 (base 5) to base 16.
-a71
What is 136 (base 11) in base 8?
240
-110101001 (base 2) to base 3
-120202
What is 1221210 (base 3) in base 15?
650
Convert 13213 (base 4) to base 3.
200001
Convert 20555 (base 6) to base 3.
10211222
13133 (base 6) to base 5
31001
11b (base 16) to base 15
13d
-20513 (base 7) to base 13
-23c0
What is 3602 (base 8) in base 11?
1498
-10020000 (base 3) to base 6
-14513
What is 717 (base 11) in base 10?
865
What is -231c (base 13) in base 8?
-11476
-44 (base 12) to base 13
-40
-10002131 (base 4) to base 16
-409d
-2100200002 (base 3) to base 13
-18185
Convert 320331 (base 4) to base 13.
1875
Convert 4223 (base 8) to base 11.
1716
What is -52038 (base 9) in base 6?
-422442
4d3 (base 15) to base 11
909
What is -452 (base 16) in base 2?
-10001010010
What is -2124 (base 11) in base 7?
-11122
83721 (base 10) to base 12
40549
What is -1519 (base 12) in base 11?
-1945
What is 1010 (base 2) in base 11?
a
What is -3254 (base 6) in base 4?
-23302
3260 (base 12) to base 13
26a6
What is -14774 (base 10) in base 13?
-6956
Convert -15130 (base 6) to base 8.
-4576
What is 300200 (base 4) in base 13?
154a
2519 (base 12) to base 4
1001211
Convert 247105 (base 8) to base 2.
10100111001000101
Convert -1210 (base 11) to base 16.
-630
14d6 (base 14) to base 8
7204
Convert -b110 (base 12) to base 2.
-100101011011100
2431 (base 6) to base 11
4a1
29352 (base 10) to base 5
1414402
Convert -115133 (base 9) to base 12.
-34186
What is 23131 (base 7) in base 8?
13416
Convert ee25 (base 16) to base 6.
1150125
101011001 (base 2) to base 10
345
What is -4327 (base 9) in base 13?
-15ac
-26670 (base 8) to base 15
-3704
What is 16926 (base 10) in base 4?
10020132
What is 4a1 (base 15) in base 10?
1051
-561 (base 7) to base 9
-350
What is 4e52 (base 16) in base 7?
112312
Convert 29ff (base 16) to base 4.
2213333
-143304 (base 5) to base 3
-22100011
What is 22333101 (base 4) in base 7?
245136
What is 118 (base 10) in base 7?
226
What is -7ee (base 15) in base 12?
-105b
Convert 1100 (base 13) to base 12.
1452
What is 102021112 (base 3) in base 4?
2000132
What is 101 (base 6) in base 15?
27
Convert -85662 (base 9) to base 8.
-156543
-70b (base 14) to base 9
-1806
Convert 2206 (base 8) to base 16.
486
What is 21c (base 14) in base 16?
1a2
Convert 10220 (base 14) to base 2.
1001011110110100
Convert -5320 (base 6) to base 3.
-1122110
What is 6b82 (base 12) in base 5?
341200
Convert -47b6 (base 14) to base 12.
-72a4
Convert 233502 (base 6) to base 5.
1122040
What is 1381 (base 10) in base 2?
10101100101
Convert -18525 (base 11) to base 15.
-7a31
Convert -1293 (base 15) to base 2.
-111101111011
Convert 14103 (base 5) to base 9.
1521
1312 (base 6) to base 9
408
Convert -1